e 4*l + 2*f - 160 - 514 = 0, 518 = 3*l - f. Let n = 15 + -9. Suppose -5*k + l = n. Calculate the greatest common divisor of k and 3.
3
Suppose -61 = -2*z + 2*c - 7*c, 0 = c + 1. Let j be (z/22)/(2/16). Calculate the highest common factor of 12 and j.
12
Let c be (-1)/(-4) + 4/(-16). Let p be 413 - (0 - (2 + 0/3)). Suppose 5*w - 5*f = p, c = -w - f - 0*f + 93. What is the greatest common factor of w and 11?
11
Suppose 4*g - 11 = -s, -2*g - 2*s + 2 = g. Let w be (g/12)/(1/3). Let d be (1/(-3))/(6/36*-2). Calculate the highest common divisor of d and w.
1
Suppose 2*y + 3*x = 40 + 42, 3*y - 140 = 4*x. Let f(p) = 7*p + 23. Let b be f(-9). Let l be b/(-30)*(-3)/(-1). What is the highest common divisor of l and y?
4
Let f(r) = 4*r**3 + 2*r**2 + 3*r + 4. Let p be f(4). What is the greatest common factor of p and 228?
76
Suppose 4*x = 2*o - 42, 6*o - 3*o = -x. Let f = 64 + x. Suppose 4*l + 4*p - 76 = 0, -l + p - f = -4*l. What is the greatest common divisor of 72 and l?
18
Let a = 308 + 108. Calculate the greatest common factor of a and 13.
13
Suppose 0 = 5*b - 2*b - 24. Let h = -1028 + 1048. Calculate the highest common factor of h and b.
4
Suppose 0 = 3*i - 4*y - 1100, i + y - 370 = -y. What is the greatest common divisor of 46 and i?
46
Suppose 3*z = -5*c + 91, -2*z = -6*z - 4*c + 124. What is the greatest common factor of 72 and z?
8
Suppose 4*u = -v + 80, 4*v - 3*u = -v + 400. Calculate the highest common divisor of v and 32.
16
Let d be (-48)/64*1*112/(-6). Calculate the greatest common factor of 91 and d.
7
Let a = -347 + 367. Suppose -3*y + 8 = -7. What is the greatest common factor of y and a?
5
Let p(y) = 6*y**3 + 28*y**2 + 2*y - 9. Let a be p(-4). Calculate the highest common factor of 141 and a.
47
Let c be 5 + 0 + 12921/73. Calculate the greatest common factor of c and 28.
14
Let s(t) = -t + 10. Let g be s(-23). What is the highest common divisor of g and 1023?
33
Let r be (-4 - 70/(-7))*524/6. Calculate the highest common factor of 8 and r.
4
Let d(t) = -t**3 - 13*t**2 - 12*t + 28. Let f be d(-12). Calculate the highest common factor of f and 868.
28
Let s(k) = -2*k - 22. Let d be s(-14). Suppose -u + 78 = 2*o, -d*u + 2*u + 8 = 0. Calculate the highest common divisor of 304 and o.
38
Suppose 0 = x + 3, 5*s + x = -148. Let d(n) = 3*n**2 - 44*n - 31. Let j be d(14). Let c = s - j. What is the highest common factor of 240 and c?
30
Suppose 2*i - 44 = -4*z, 3*i - 90 - 9 = 5*z. Suppose a + 90 = -u, -5*a = 2*u + 365 + 100. Let m = a + 99. What is the highest common divisor of m and i?
4
Let a(d) = -d**2 - 7*d + 3. Let o be a(-7). Suppose -3*w = 12, -6*u + u + 4 = 4*w. Suppose o*k = u*k - 16. What is the greatest common factor of k and 24?
8
Suppose 119 = -495*b + 512*b. What is the highest common factor of b and 105?
7
Let b(t) = t**3 - 3*t**2 - 5*t - 14. Let r be b(5). Suppose -v - 2 = -46. What is the greatest common divisor of r and v?
11
Let s(d) = d**3 - d**2 + 11. Let z be s(0). Suppose 5*m - z*m = -120. What is the greatest common divisor of 50 and m?
10
Let g be (-3)/2*24/(-9). Let n be g - -6 - (1 - 1). What is the highest common factor of n and 25?
5
Let h = -51 + 73. Let q(o) = 2*o**2 + 22*o + 11. Let p be q(-11). What is the highest common factor of p and h?
11
Let z = 390 + -386. What is the greatest common factor of z and 572?
4
Suppose 3 = 5*j - 17. Suppose 13 = -j*z + 25. Calculate the highest common factor of 33 and z.
3
Let s = 121 + -67. What is the highest common divisor of s and 126?
18
Suppose 21*a - 137*a + 536 = 18*a. Let u be 63 - (0 + (-1 - 0)). Suppose -2*b + 4*l - u = -6*b, 4*l = -5*b + 80. What is the highest common divisor of a and b?
4
Let z(d) = 167*d - 705. Let o be z(7). Calculate the highest common factor of 80 and o.
16
Let g = 147 + -31. Calculate the greatest common divisor of g and 145.
29
Suppose -809*z = -800*z - 17226. What is the highest common divisor of z and 66?
66
Let t(s) = -2*s - 4. Let u be t(-4). Let v = 37 + -34. Suppose 7 = n - v. Calculate the highest common divisor of n and u.
2
Let b be (-388)/(-12) - (-6)/54*-12. Let p(f) = 37*f**2 - 4*f - 4. Let q be p(-3). Calculate the highest common divisor of q and b.
31
Let c(y) = 2*y**2 + 3*y - 15. Let m be c(7). Suppose 0 = 3*g - m + 2. What is the greatest common factor of 238 and g?
34
Let j(a) be the second derivative of -a**3/6 + 92*a. Let h(w) = -w**2 + w - 8. Let z be h(0). Let t be j(z). Calculate the highest common divisor of t and 64.
8
Let m = 1938 + -1758. Calculate the highest common factor of 3960 and m.
180
Suppose -763 = -5*h - 3*y, -5*y - 485 = -18*h + 15*h. What is the greatest common divisor of 15 and h?
5
Let v = 1713 + -273. What is the greatest common divisor of 45 and v?
45
Let r(q) = -347*q**3 - q**2 + 14*q + 13. Let v be r(-1). Calculate the greatest common divisor of 30 and v.
15
Suppose 54 = -5*p - 4*w + 427, 3*p = -w + 228. Let z = 9 - 2. What is the greatest common factor of p and z?
7
Suppose 1574 = 5*o + d, 2*d = 7*o - 6*o - 317. Let z(n) = n**2 + 2*n + 10. Let x be z(5). Calculate the greatest common divisor of o and x.
45
Suppose -4*s - 185 + 5 = 0. Let c = 15 + s. Let o be (-1354)/c - 6/45. Calculate the greatest common factor of o and 18.
9
Let t be 5/15 + 10/(-3). Let x be (-6)/((-2)/(-6)*t). What is the greatest common factor of x and 18?
6
Let d = -38 - -24. Let g be -8*5/(5/d). What is the greatest common factor of g and 28?
28
Suppose 19*w = -6*w + 550. Calculate the highest common factor of 77 and w.
11
Let g = -395 - -445. Calculate the greatest common divisor of g and 230.
10
Let g be 2/6 - ((-3)/(-9) + -1). Let y be 60/9*(57/6 + g). Calculate the greatest common factor of 14 and y.
14
Let h(l) = -l**3 - 4*l**2 - 6*l + 1. Let w be h(-5). Let y = 38 - w. Let i be (-248)/y - (-4)/18. What is the highest common divisor of i and 126?
14
Let w(k) = -k**3 + 11*k**2 + 13*k + 13. Let y be w(12). Suppose 2*g = -2*t + 116, -t + 37 = 3*g - y. What is the greatest common factor of t and 7?
7
Let m = 1891 + -1888. Let i(l) = l**2 + 2*l + 2. Let g be i(-2). Calculate the highest common divisor of g and m.
1
Suppose 0*n = 3*n. Let c be n/4 - (-20)/2. What is the greatest common factor of c and 90?
10
Let i = 2391 - 279. Calculate the greatest common factor of 11 and i.
11
Let s be 5*-6*(-17)/(935/44). Calculate the greatest common divisor of 192 and s.
24
Let m be (17 - (9 - -11))*4/(-2). Calculate the greatest common factor of 294 and m.
6
Let t(x) = 17*x - 68. Let b(z) = -8*z + 35. Let y(w) = -9*b(w) - 4*t(w). Let n be y(14). Calculate the greatest common factor of n and 143.
13
Suppose 5*v - 296 = 4*x, 2 = -2*x + 4*x. What is the greatest common factor of v and 1380?
60
Suppose -52 = -4*j - c, -c = -3*j + 1296 - 1250. Suppose 378 = 2*h + h. What is the greatest common divisor of j and h?
14
Suppose -41 = -3*z - 4*y, -8*y + 9*y + 42 = 2*z. What is the highest common factor of 19 and z?
19
Let k be (8 + -5)/((-2)/(-48) + 0). Let g = k - 43. What is the greatest common divisor of 203 and g?
29
Let l be 4 + 123 - (-2 - -2). Let h = l + 13. Let y(i) = 2*i**3 + i**2 + i - 2. Let x be y(2). Calculate the highest common divisor of x and h.
20
Let a(l) = l**3 + 17*l**2 - 10*l + 3. Let m be a(-9). Let x = m + -524. What is the highest common factor of 31 and x?
31
Suppose -45*r = -35*r - 360. What is the highest common factor of r and 180?
36
Let q be (-80)/760 - 2320/(-19). What is the greatest common factor of q and 183?
61
Suppose 75 = 2*g + 17. Let f be ((-22)/(-33))/(2/783). What is the greatest common divisor of f and g?
29
Let t(c) = 16*c - 22 + c**3 + 0*c**3 - 2*c**3 - 73*c**2 + 83*c**2. Let w be t(9). What is the highest common factor of w and 29?
29
Suppose 111 = 15*t - 24. Let o(k) = k**2 + k - 3. Let z be o(3). What is the highest common factor of z and t?
9
Let g(r) = -2*r**3 + 4*r**2 + 11*r + 5. Let o be g(-2). Calculate the greatest common divisor of o and 405.
15
Suppose -37*k + 286 = 150*k - 275. Let c = -2 + 4. Suppose -4 - 2 = -c*v. What is the greatest common factor of v and k?
3
Let g be (3 - -1)/(12/6). Suppose 0 = 3*i - 2*i - g. Suppose i*w = d - 1 - 7, 3*w - 13 = -d. Calculate the greatest common factor of 30 and d.
10
Let u = 421 - 366. What is the greatest common factor of u and 2035?
55
Let l(a) 